{"id":1557,"date":"2025-04-28T19:02:32","date_gmt":"2025-04-28T17:02:32","guid":{"rendered":"https:\/\/instar-robotics.com\/?page_id=1557"},"modified":"2025-05-07T13:15:48","modified_gmt":"2025-05-07T11:15:48","slug":"module-de-surfacage","status":"publish","type":"page","link":"https:\/\/instar-robotics.com\/?page_id=1557","title":{"rendered":"Module de surfa\u00e7age"},"content":{"rendered":"\n<p style=\"font-size:22px\">Extension du robot TROOPER pour l&#8217;application de micros billes d&#8217;engrais<\/p>\n\n\n\n<div class=\"wp-block-columns is-layout-flex wp-container-core-columns-is-layout-9d6595d7 wp-block-columns-is-layout-flex\">\n<div class=\"wp-block-column is-layout-flow wp-block-column-is-layout-flow\">\n<div class=\"wp-block-columns is-layout-flex wp-container-core-columns-is-layout-9d6595d7 wp-block-columns-is-layout-flex\">\n<div class=\"wp-block-column is-layout-flow wp-block-column-is-layout-flow\" style=\"flex-basis:32%\">\n<div class=\"wp-block-media-text is-stacked-on-mobile\" style=\"grid-template-columns:20% auto\"><figure class=\"wp-block-media-text__media\"><img loading=\"lazy\" decoding=\"async\" width=\"20\" height=\"17\" src=\"https:\/\/instar-robotics.com\/wp-content\/uploads\/2022\/05\/icon_chargeur.svg\" alt=\"\" class=\"wp-image-831 size-full\"\/><\/figure><div class=\"wp-block-media-text__content\">\n<p><strong>Plug and Play<\/strong><\/p>\n\n\n\n<ul class=\"wp-block-list\">\n<li class=\"has-base-color has-text-color has-link-color wp-elements-8b7613688ffacf0a749401461ac58ae2\">Installation rapide sur le robot<\/li>\n\n\n\n<li class=\"has-base-color has-text-color has-link-color wp-elements-7b56ba1e6579ad634c082852b7a9bfa5\">D\u00e9tection automatique du module<\/li>\n<\/ul>\n<\/div><\/div>\n\n\n\n<div style=\"height:50px\" aria-hidden=\"true\" class=\"wp-block-spacer\"><\/div>\n\n\n\n<div class=\"wp-block-media-text is-stacked-on-mobile\" style=\"grid-template-columns:20% auto\"><figure class=\"wp-block-media-text__media\"><img loading=\"lazy\" decoding=\"async\" width=\"78\" height=\"79\" src=\"https:\/\/instar-robotics.com\/wp-content\/uploads\/2022\/09\/fit.svg\" alt=\"\" class=\"wp-image-903 size-full\" srcset=\"https:\/\/instar-robotics.com\/wp-content\/uploads\/\/2022\/09\/fit.svg 150w, https:\/\/instar-robotics.com\/wp-content\/uploads\/\/2022\/09\/fit.svg 300w, https:\/\/instar-robotics.com\/wp-content\/uploads\/\/2022\/09\/fit.svg 1024w, https:\/\/instar-robotics.com\/wp-content\/uploads\/\/2022\/09\/fit.svg 78w\" sizes=\"auto, (max-width: 78px) 100vw, 78px\" \/><\/figure><div class=\"wp-block-media-text__content\">\n<p><strong>100% Autonome <\/strong><\/p>\n\n\n\n<ul class=\"wp-block-list\">\n<li class=\"has-base-color has-text-color has-link-color wp-elements-710b11b3ca1018e5dd78970bbeeff7aa\">Ajoute l&#8217;engrais pendant la manutention<\/li>\n\n\n\n<li class=\"has-base-color has-text-color has-link-color wp-elements-55ae04c911945979f49cce6686369dd5\">Travail en temps masqu\u00e9<\/li>\n\n\n\n<li class=\"has-base-color has-text-color has-link-color wp-elements-023be6740efd3b9b72eeeb2d08315a83\">Retour sur investissement rapide<\/li>\n<\/ul>\n<\/div><\/div>\n\n\n\n<div style=\"height:50px\" aria-hidden=\"true\" class=\"wp-block-spacer\"><\/div>\n\n\n\n<div class=\"wp-block-media-text is-stacked-on-mobile\" style=\"grid-template-columns:20% auto\"><figure class=\"wp-block-media-text__media\"><img loading=\"lazy\" decoding=\"async\" width=\"78\" height=\"79\" src=\"https:\/\/instar-robotics.com\/wp-content\/uploads\/2021\/11\/IA.svg\" alt=\"\" class=\"wp-image-467 size-full\" srcset=\"https:\/\/instar-robotics.com\/wp-content\/uploads\/\/2021\/11\/IA.svg 150w, https:\/\/instar-robotics.com\/wp-content\/uploads\/\/2021\/11\/IA.svg 300w, https:\/\/instar-robotics.com\/wp-content\/uploads\/\/2021\/11\/IA.svg 1024w, https:\/\/instar-robotics.com\/wp-content\/uploads\/\/2021\/11\/IA.svg 78w\" sizes=\"auto, (max-width: 78px) 100vw, 78px\" \/><\/figure><div class=\"wp-block-media-text__content\">\n<p><strong>Fonctionnement intelligent<\/strong><\/p>\n\n\n\n<ul class=\"wp-block-list\">\n<li class=\"has-base-color has-text-color has-link-color wp-elements-aab8250d3f95398f515546bc6d379e3e\">Compte les d\u00e9clenchements<\/li>\n\n\n\n<li class=\"has-base-color has-text-color has-link-color wp-elements-c003ebcfc723a7188d621220ac0b3384\">Arret du robot si r\u00e9servoir vide<\/li>\n\n\n\n<li class=\"has-base-color has-text-color has-link-color wp-elements-7d4b1355ce74c458eeee7ec81ce4d954\">Envoie d&#8217;alerte par SMS<\/li>\n<\/ul>\n<\/div><\/div>\n<\/div>\n\n\n\n<div class=\"wp-block-column is-layout-flow wp-block-column-is-layout-flow\"><div class=\"wp-block-image\">\n<figure class=\"aligncenter size-large is-resized\"><img loading=\"lazy\" decoding=\"async\" width=\"628\" height=\"1024\" src=\"https:\/\/instar-robotics.com\/wp-content\/uploads\/2025\/04\/20241122_093851-628x1024.jpg\" alt=\"\" class=\"wp-image-1584\" style=\"width:360px\" srcset=\"https:\/\/instar-robotics.com\/wp-content\/uploads\/2025\/04\/20241122_093851-628x1024.jpg 628w, https:\/\/instar-robotics.com\/wp-content\/uploads\/2025\/04\/20241122_093851-184x300.jpg 184w, https:\/\/instar-robotics.com\/wp-content\/uploads\/2025\/04\/20241122_093851-768x1253.jpg 768w, https:\/\/instar-robotics.com\/wp-content\/uploads\/2025\/04\/20241122_093851-941x1536.jpg 941w, https:\/\/instar-robotics.com\/wp-content\/uploads\/2025\/04\/20241122_093851-1255x2048.jpg 1255w, https:\/\/instar-robotics.com\/wp-content\/uploads\/2025\/04\/20241122_093851.jpg 1534w\" sizes=\"auto, (max-width: 628px) 100vw, 628px\" \/><\/figure>\n<\/div><\/div>\n\n\n\n<div class=\"wp-block-column is-layout-flow wp-block-column-is-layout-flow\" style=\"flex-basis:32%\">\n<div class=\"wp-block-media-text has-media-on-the-right is-stacked-on-mobile\" style=\"grid-template-columns:auto 20%\"><div class=\"wp-block-media-text__content\">\n<p><strong>Powered by GreenElf<\/strong><\/p>\n\n\n\n<ul class=\"wp-block-list\">\n<li class=\"has-base-color has-text-color has-link-color wp-elements-ec5d8c7575190c1cc9f0476a8308748c\">GreenElf Applicator 501 Series<\/li>\n<\/ul>\n<\/div><figure class=\"wp-block-media-text__media\"><img loading=\"lazy\" decoding=\"async\" width=\"218\" height=\"100\" src=\"https:\/\/instar-robotics.com\/wp-content\/uploads\/2025\/04\/Screenshot-2025-04-28-at-14-01-19-Home-GreenElf-Works.png\" alt=\"\" class=\"wp-image-1585 size-full\"\/><\/figure><\/div>\n\n\n\n<div style=\"height:50px\" aria-hidden=\"true\" class=\"wp-block-spacer\"><\/div>\n\n\n\n<div class=\"wp-block-media-text has-media-on-the-right is-stacked-on-mobile\" style=\"grid-template-columns:auto 20%\"><div class=\"wp-block-media-text__content\">\n<p><strong>Dosage \u00e9lectronique<\/strong><\/p>\n\n\n\n<ul class=\"wp-block-list\">\n<li class=\"has-base-color has-text-color has-link-color wp-elements-cde0ccd06f90a0ef066782204a3b9a04\">Pr\u00e9cis et facilement r\u00e9glable<\/li>\n\n\n\n<li class=\"has-base-color has-text-color has-link-color wp-elements-6d423cf6d850c5a216a93e15726b9234\">Dosage adapt\u00e9 pour chaque type de plante<\/li>\n\n\n\n<li class=\"has-base-color has-text-color has-link-color wp-elements-a2be2e59f16c838dc41ff1de2f832924\">Minimise le gaspillage<\/li>\n<\/ul>\n<\/div><figure class=\"wp-block-media-text__media\"><img loading=\"lazy\" decoding=\"async\" width=\"78\" height=\"79\" src=\"https:\/\/instar-robotics.com\/wp-content\/uploads\/2021\/11\/coop.svg\" alt=\"\" class=\"wp-image-469 size-full\" srcset=\"https:\/\/instar-robotics.com\/wp-content\/uploads\/\/2021\/11\/coop.svg 150w, https:\/\/instar-robotics.com\/wp-content\/uploads\/\/2021\/11\/coop.svg 300w, https:\/\/instar-robotics.com\/wp-content\/uploads\/\/2021\/11\/coop.svg 1024w, https:\/\/instar-robotics.com\/wp-content\/uploads\/\/2021\/11\/coop.svg 78w\" sizes=\"auto, (max-width: 78px) 100vw, 78px\" \/><\/figure><\/div>\n\n\n\n<div style=\"height:50px\" aria-hidden=\"true\" class=\"wp-block-spacer\"><\/div>\n\n\n\n<div class=\"wp-block-media-text has-media-on-the-right is-stacked-on-mobile\" style=\"grid-template-columns:auto 20%\"><div class=\"wp-block-media-text__content\">\n<p><strong><strong>Adapt\u00e9 \u00e0 l&#8217;horticole<\/strong><\/strong><\/p>\n\n\n\n<ul class=\"wp-block-list\">\n<li class=\"has-base-color has-text-color has-link-color wp-elements-681f6c891cb33802012595b856160621\">Coque r\u00e9sistante aux chocs <\/li>\n\n\n\n<li class=\"has-base-color has-text-color has-link-color wp-elements-c388d3a899252a2f028d6c5e90c56fac\">Respect des granul\u00e9s enrob\u00e9s<\/li>\n\n\n\n<li class=\"has-base-color has-text-color has-link-color wp-elements-b50485b7e9ca8b1658dbed0f0eff40b3\">Anti-bourrage avec r\u00e9cup\u00e9ration automatique en cas d&#8217;obstruction<\/li>\n<\/ul>\n<\/div><figure class=\"wp-block-media-text__media\"><img loading=\"lazy\" decoding=\"async\" width=\"78\" height=\"79\" src=\"https:\/\/instar-robotics.com\/wp-content\/uploads\/2021\/11\/robust2.svg\" alt=\"\" class=\"wp-image-468 size-full\" srcset=\"https:\/\/instar-robotics.com\/wp-content\/uploads\/\/2021\/11\/robust2.svg 150w, https:\/\/instar-robotics.com\/wp-content\/uploads\/\/2021\/11\/robust2.svg 300w, https:\/\/instar-robotics.com\/wp-content\/uploads\/\/2021\/11\/robust2.svg 1024w, https:\/\/instar-robotics.com\/wp-content\/uploads\/\/2021\/11\/robust2.svg 78w\" sizes=\"auto, (max-width: 78px) 100vw, 78px\" \/><\/figure><\/div>\n<\/div>\n<\/div>\n\n\n\n<hr class=\"wp-block-separator has-alpha-channel-opacity\"\/>\n\n\n<div class=\"wp-block-image\">\n<figure class=\"aligncenter size-full\"><img loading=\"lazy\" decoding=\"async\" width=\"367\" height=\"100\" src=\"https:\/\/instar-robotics.com\/wp-content\/uploads\/2025\/04\/greenelfworks_logo2.gif\" alt=\"\" class=\"wp-image-1586\"\/><\/figure>\n<\/div><\/div>\n<\/div>\n\n\n\n<div class=\"wp-block-columns is-layout-flex wp-container-core-columns-is-layout-9d6595d7 wp-block-columns-is-layout-flex\">\n<div class=\"wp-block-column is-layout-flow wp-block-column-is-layout-flow\">\n<h3 class=\"wp-block-heading has-text-align-center has-contrast-2-color has-base-background-color has-text-color has-background has-link-color wp-elements-c4158c214fbccb50d0fb21dc76c30e25\"><strong>Capacit\u00e9s<\/strong><\/h3>\n\n\n\n<div class=\"wp-block-columns is-layout-flex wp-container-core-columns-is-layout-9d6595d7 wp-block-columns-is-layout-flex\">\n<div class=\"wp-block-column has-contrast-2-background-color has-background is-layout-flow wp-block-column-is-layout-flow\">\n<ul class=\"wp-block-list\">\n<li>Capacit\u00e9 <strong>: r\u00e9servoir de 5L<\/strong> <\/li>\n\n\n\n<li>Rendement : <strong>150~200 pots\/heure <\/strong>(d\u00e9pend du litrage)<\/li>\n\n\n\n<li>Jusqu&#8217;\u00e0 <strong>6 heures<\/strong> de fonctionnement avant remplissage du r\u00e9servoir<\/li>\n\n\n\n<li>Dosage : <strong>2,5 g \u00e0 78 g<\/strong> (avec 250 r\u00e9glages de dose ajustables)<\/li>\n<\/ul>\n<\/div>\n<\/div>\n<\/div>\n\n\n\n<div class=\"wp-block-column is-layout-flow wp-block-column-is-layout-flow\">\n<h3 class=\"wp-block-heading has-text-align-center has-contrast-2-color has-base-background-color has-text-color has-background has-link-color wp-elements-bd293c4bf94a404ff3801686b6b6882c\"><strong>Sp\u00e9cifications<\/strong><\/h3>\n\n\n\n<div class=\"wp-block-columns is-layout-flex wp-container-core-columns-is-layout-9d6595d7 wp-block-columns-is-layout-flex\">\n<div class=\"wp-block-column has-contrast-2-background-color has-background is-layout-flow wp-block-column-is-layout-flow\">\n<ul class=\"wp-block-list\">\n<li>Dimensions : 84x24x50 cm<\/li>\n\n\n\n<li>Poids \u00e0 vide : <strong>6kg<\/strong><\/li>\n\n\n\n<li>Indice de protection : <strong>IP54<\/strong><\/li>\n\n\n\n<li>R\u00e9sistant : pluie, poussi\u00e8re, ensoleillement<\/li>\n<\/ul>\n<\/div>\n<\/div>\n<\/div>\n\n\n\n<div class=\"wp-block-column is-layout-flow wp-block-column-is-layout-flow\">\n<h3 class=\"wp-block-heading has-text-align-center has-contrast-2-color has-base-background-color has-text-color has-background has-link-color wp-elements-1a70b47c0b591a78f7b4e87817e267a2\"><strong>Produits<\/strong><\/h3>\n\n\n\n<div class=\"wp-block-columns is-layout-flex wp-container-core-columns-is-layout-9d6595d7 wp-block-columns-is-layout-flex\">\n<div class=\"wp-block-column has-contrast-2-background-color has-background is-layout-flow wp-block-column-is-layout-flow\">\n<ul class=\"wp-block-list\">\n<li>Grande compatibilit\u00e9 de produits<\/li>\n\n\n\n<li>La plupart des engrais \u00e0 lib\u00e9ration contr\u00f4l\u00e9e et lente (CRFs\/SRFs)<\/li>\n\n\n\n<li>Certains pesticides<\/li>\n\n\n\n<li>Tous mat\u00e9riaux granulaires secs \u00e0 \u00e9coulement libre, <strong>taille de 2 \u00e0 4 mm de diam\u00e8tre<\/strong><\/li>\n<\/ul>\n<\/div>\n<\/div>\n<\/div>\n<\/div>\n\n\n\n<figure class=\"wp-block-embed is-type-video is-provider-youtube wp-block-embed-youtube wp-embed-aspect-16-9 wp-has-aspect-ratio\"><div class=\"wp-block-embed__wrapper\">\n<iframe loading=\"lazy\" title=\"Notre robot Trooper s&#039;\u00e9quipe d&#039;un surfaceur automatique !\" width=\"1200\" height=\"675\" src=\"https:\/\/www.youtube.com\/embed\/E8nS4Z5ddF4?feature=oembed\" frameborder=\"0\" allow=\"accelerometer; autoplay; clipboard-write; encrypted-media; gyroscope; picture-in-picture; web-share\" referrerpolicy=\"strict-origin-when-cross-origin\" allowfullscreen><\/iframe>\n<\/div><\/figure>\n","protected":false},"excerpt":{"rendered":"<p>Extension du robot TROOPER pour l&#8217;application de micros billes d&#8217;engrais Plug and Play 100% Autonome Fonctionnement intelligent Powered by GreenElf Dosage \u00e9lectronique Adapt\u00e9 \u00e0 l&#8217;horticole Capacit\u00e9s Sp\u00e9cifications Produits<\/p>\n","protected":false},"author":2,"featured_media":0,"parent":0,"menu_order":0,"comment_status":"closed","ping_status":"closed","template":"","meta":{"footnotes":""},"class_list":["post-1557","page","type-page","status-publish"],"_links":{"self":[{"href":"https:\/\/instar-robotics.com\/index.php?rest_route=\/wp\/v2\/pages\/1557","targetHints":{"allow":["GET"]}}],"collection":[{"href":"https:\/\/instar-robotics.com\/index.php?rest_route=\/wp\/v2\/pages"}],"about":[{"href":"https:\/\/instar-robotics.com\/index.php?rest_route=\/wp\/v2\/types\/page"}],"author":[{"embeddable":true,"href":"https:\/\/instar-robotics.com\/index.php?rest_route=\/wp\/v2\/users\/2"}],"replies":[{"embeddable":true,"href":"https:\/\/instar-robotics.com\/index.php?rest_route=%2Fwp%2Fv2%2Fcomments&post=1557"}],"version-history":[{"count":31,"href":"https:\/\/instar-robotics.com\/index.php?rest_route=\/wp\/v2\/pages\/1557\/revisions"}],"predecessor-version":[{"id":1770,"href":"https:\/\/instar-robotics.com\/index.php?rest_route=\/wp\/v2\/pages\/1557\/revisions\/1770"}],"wp:attachment":[{"href":"https:\/\/instar-robotics.com\/index.php?rest_route=%2Fwp%2Fv2%2Fmedia&parent=1557"}],"curies":[{"name":"wp","href":"https:\/\/api.w.org\/{rel}","templated":true}]}}